{"id":2,"date":"2022-09-06T17:39:19","date_gmt":"2022-09-06T17:39:19","guid":{"rendered":"https:\/\/krav-maga.ralfs-fahrschule.com\/?page_id=2"},"modified":"2025-12-07T16:00:24","modified_gmt":"2025-12-07T15:00:24","slug":"krav-maga-street-defence-paderborn-kurszeiten","status":"publish","type":"page","link":"https:\/\/krav-maga-street-defence-paderborn.de\/index.php\/krav-maga-street-defence-paderborn-kurszeiten\/","title":{"rendered":"Kurszeiten"},"content":{"rendered":"\n<h1 class=\"wp-block-heading has-normal-font-size\"><strong>Krav Maga f\u00fcr Kinder ab 8 Jahren:<\/strong><\/h1>\n\n\n\n<h1 class=\"wp-block-heading has-normal-font-size\">Mittwochs: 16:30 &#8211; 17:30 Uhr<\/h1>\n\n\n\n<h1 class=\"wp-block-heading has-normal-font-size\"><strong>Krav Maga f\u00fcr Erwachsene:<\/strong><\/h1>\n\n\n\n<h1 class=\"wp-block-heading has-normal-font-size\">Mittwochs: 18:00 &#8211; 19:30 Uhr<\/h1>\n\n\n\n<h1 class=\"wp-block-heading has-normal-font-size\">Donnerstag: 18:00 &#8211; 19:30<\/h1>\n\n\n\n<h1 class=\"wp-block-heading has-normal-font-size\">Freitags: 18:00 &#8211; 19:30<\/h1>\n\n\n\n<h1 class=\"wp-block-heading has-normal-font-size\">Probetraining ist jederzeit nach Absprache unter:<\/h1>\n\n\n\n<h1 class=\"wp-block-heading has-normal-font-size\">01 75 &#8211; 95 55 135 m\u00f6glich.<\/h1>\n\n\n\n<h1 class=\"wp-block-heading has-normal-font-size\">Trainiert wird in gemischten Gruppen.<\/h1>\n\n\n\n<h1 class=\"wp-block-heading has-normal-font-size\">Damit JEDER einsteigen kann, bieten wir laufend Anf\u00e4ngerkurse und auf Wunsch auch Training NUR f\u00fcr Ladies an.<\/h1>\n\n\n\n<h1 class=\"wp-block-heading has-normal-font-size\">Selbstverst\u00e4ndlich sind auch Beh\u00f6rden &#8211; , Team &#8211; , Personal &#8211; und Einzel &#8211; Trainings m\u00f6glich. Nach Absprache auch in den eigenen R\u00e4umlichkeiten.<\/h1>\n\n\n\n<figure class=\"wp-block-image size-large\"><img loading=\"lazy\" decoding=\"async\" width=\"1024\" height=\"436\" src=\"https:\/\/krav-maga-street-defence-paderborn.de\/wp-content\/uploads\/2022\/09\/cropped-cropped-Foto-01.08.22-11-58-40-e1662664911639-1024x436.png\" alt=\"\" class=\"wp-image-84\" srcset=\"https:\/\/krav-maga-street-defence-paderborn.de\/wp-content\/uploads\/2022\/09\/cropped-cropped-Foto-01.08.22-11-58-40-e1662664911639-1024x436.png 1024w, https:\/\/krav-maga-street-defence-paderborn.de\/wp-content\/uploads\/2022\/09\/cropped-cropped-Foto-01.08.22-11-58-40-e1662664911639-300x128.png 300w, https:\/\/krav-maga-street-defence-paderborn.de\/wp-content\/uploads\/2022\/09\/cropped-cropped-Foto-01.08.22-11-58-40-e1662664911639-768x327.png 768w, https:\/\/krav-maga-street-defence-paderborn.de\/wp-content\/uploads\/2022\/09\/cropped-cropped-Foto-01.08.22-11-58-40-e1662664911639-1536x654.png 1536w, https:\/\/krav-maga-street-defence-paderborn.de\/wp-content\/uploads\/2022\/09\/cropped-cropped-Foto-01.08.22-11-58-40-e1662664911639-2048x872.png 2048w, https:\/\/krav-maga-street-defence-paderborn.de\/wp-content\/uploads\/2022\/09\/cropped-cropped-Foto-01.08.22-11-58-40-e1662664911639-1568x668.png 1568w\" sizes=\"auto, (max-width: 1024px) 100vw, 1024px\" \/><\/figure>\n","protected":false},"excerpt":{"rendered":"<p>Krav Maga f\u00fcr Kinder ab 8 Jahren: Mittwochs: 16:30 &#8211; 17:30 Uhr Krav Maga f\u00fcr Erwachsene: Mittwochs: 18:00 &#8211; 19:30 Uhr Donnerstag: 18:00 &#8211; 19:30 Freitags: 18:00 &#8211; 19:30 Probetraining ist jederzeit nach Absprache unter: 01 75 &#8211; 95 55 135 m\u00f6glich. Trainiert wird in gemischten Gruppen. Damit JEDER einsteigen kann, bieten wir laufend Anf\u00e4ngerkurse&hellip; <a class=\"more-link\" href=\"https:\/\/krav-maga-street-defence-paderborn.de\/index.php\/krav-maga-street-defence-paderborn-kurszeiten\/\"><span class=\"screen-reader-text\">Kurszeiten<\/span> weiterlesen<\/a><\/p>\n","protected":false},"author":1,"featured_media":0,"parent":0,"menu_order":0,"comment_status":"closed","ping_status":"open","template":"","meta":{"footnotes":""},"class_list":["post-2","page","type-page","status-publish","hentry","entry"],"yoast_head":"<!-- This site is optimized with the Yoast SEO plugin v27.4 - https:\/\/yoast.com\/product\/yoast-seo-wordpress\/ -->\n<title>Kurszeiten - Krav Maga Street Defence Paderborn<\/title>\n<meta name=\"description\" content=\"Unsere Kurszeiten f\u00fcr effektives Krav Maga Training in Paderborn. Informieren Sie sich jetzt \u00fcber unsere Kurse und lernen Sie Selbstverteidigungstechniken, die wirklich funktionieren.\" \/>\n<meta name=\"robots\" content=\"index, follow, max-snippet:-1, max-image-preview:large, max-video-preview:-1\" \/>\n<link rel=\"canonical\" href=\"https:\/\/krav-maga-street-defence-paderborn.de\/index.php\/krav-maga-street-defence-paderborn-kurszeiten\/\" \/>\n<meta property=\"og:locale\" content=\"de_DE\" \/>\n<meta property=\"og:type\" content=\"article\" \/>\n<meta property=\"og:title\" content=\"Kurszeiten - Krav Maga Street Defence Paderborn\" \/>\n<meta property=\"og:description\" content=\"Unsere Kurszeiten f\u00fcr effektives Krav Maga Training in Paderborn. Informieren Sie sich jetzt \u00fcber unsere Kurse und lernen Sie Selbstverteidigungstechniken, die wirklich funktionieren.\" \/>\n<meta property=\"og:url\" content=\"https:\/\/krav-maga-street-defence-paderborn.de\/index.php\/krav-maga-street-defence-paderborn-kurszeiten\/\" \/>\n<meta property=\"og:site_name\" content=\"Krav Maga Street Defence Paderborn\" \/>\n<meta property=\"article:publisher\" content=\"https:\/\/www.facebook.com\/profile.php?id=100088398933969\" \/>\n<meta property=\"article:modified_time\" content=\"2025-12-07T15:00:24+00:00\" \/>\n<meta property=\"og:image\" content=\"https:\/\/krav-maga-street-defence-paderborn.de\/wp-content\/uploads\/2022\/09\/cropped-cropped-Foto-01.08.22-11-58-40-e1662664911639.png\" \/>\n\t<meta property=\"og:image:width\" content=\"2731\" \/>\n\t<meta property=\"og:image:height\" content=\"1163\" \/>\n\t<meta property=\"og:image:type\" content=\"image\/png\" \/>\n<meta name=\"twitter:card\" content=\"summary_large_image\" \/>\n<meta name=\"twitter:label1\" content=\"Gesch\u00e4tzte Lesezeit\" \/>\n\t<meta name=\"twitter:data1\" content=\"1\u00a0Minute\" \/>\n<script type=\"application\/ld+json\" class=\"yoast-schema-graph\">{\"@context\":\"https:\\\/\\\/schema.org\",\"@graph\":[{\"@type\":\"WebPage\",\"@id\":\"https:\\\/\\\/krav-maga-street-defence-paderborn.de\\\/index.php\\\/krav-maga-street-defence-paderborn-kurszeiten\\\/\",\"url\":\"https:\\\/\\\/krav-maga-street-defence-paderborn.de\\\/index.php\\\/krav-maga-street-defence-paderborn-kurszeiten\\\/\",\"name\":\"Kurszeiten - Krav Maga Street Defence Paderborn\",\"isPartOf\":{\"@id\":\"https:\\\/\\\/krav-maga-street-defence-paderborn.de\\\/#website\"},\"primaryImageOfPage\":{\"@id\":\"https:\\\/\\\/krav-maga-street-defence-paderborn.de\\\/index.php\\\/krav-maga-street-defence-paderborn-kurszeiten\\\/#primaryimage\"},\"image\":{\"@id\":\"https:\\\/\\\/krav-maga-street-defence-paderborn.de\\\/index.php\\\/krav-maga-street-defence-paderborn-kurszeiten\\\/#primaryimage\"},\"thumbnailUrl\":\"https:\\\/\\\/krav-maga-street-defence-paderborn.de\\\/wp-content\\\/uploads\\\/2022\\\/09\\\/cropped-cropped-Foto-01.08.22-11-58-40-e1662664911639-1024x436.png\",\"datePublished\":\"2022-09-06T17:39:19+00:00\",\"dateModified\":\"2025-12-07T15:00:24+00:00\",\"description\":\"Unsere Kurszeiten f\u00fcr effektives Krav Maga Training in Paderborn. Informieren Sie sich jetzt \u00fcber unsere Kurse und lernen Sie Selbstverteidigungstechniken, die wirklich funktionieren.\",\"breadcrumb\":{\"@id\":\"https:\\\/\\\/krav-maga-street-defence-paderborn.de\\\/index.php\\\/krav-maga-street-defence-paderborn-kurszeiten\\\/#breadcrumb\"},\"inLanguage\":\"de\",\"potentialAction\":[{\"@type\":\"ReadAction\",\"target\":[\"https:\\\/\\\/krav-maga-street-defence-paderborn.de\\\/index.php\\\/krav-maga-street-defence-paderborn-kurszeiten\\\/\"]}]},{\"@type\":\"ImageObject\",\"inLanguage\":\"de\",\"@id\":\"https:\\\/\\\/krav-maga-street-defence-paderborn.de\\\/index.php\\\/krav-maga-street-defence-paderborn-kurszeiten\\\/#primaryimage\",\"url\":\"https:\\\/\\\/krav-maga-street-defence-paderborn.de\\\/wp-content\\\/uploads\\\/2022\\\/09\\\/cropped-cropped-Foto-01.08.22-11-58-40-e1662664911639.png\",\"contentUrl\":\"https:\\\/\\\/krav-maga-street-defence-paderborn.de\\\/wp-content\\\/uploads\\\/2022\\\/09\\\/cropped-cropped-Foto-01.08.22-11-58-40-e1662664911639.png\",\"width\":2731,\"height\":1163},{\"@type\":\"BreadcrumbList\",\"@id\":\"https:\\\/\\\/krav-maga-street-defence-paderborn.de\\\/index.php\\\/krav-maga-street-defence-paderborn-kurszeiten\\\/#breadcrumb\",\"itemListElement\":[{\"@type\":\"ListItem\",\"position\":1,\"name\":\"Home\",\"item\":\"https:\\\/\\\/krav-maga-street-defence-paderborn.de\\\/\"},{\"@type\":\"ListItem\",\"position\":2,\"name\":\"Kurszeiten\"}]},{\"@type\":\"WebSite\",\"@id\":\"https:\\\/\\\/krav-maga-street-defence-paderborn.de\\\/#website\",\"url\":\"https:\\\/\\\/krav-maga-street-defence-paderborn.de\\\/\",\"name\":\"Krav Maga Street Defence Paderborn\",\"description\":\"Selbstverteidigung mit Krav Maga in Paderborn\",\"publisher\":{\"@id\":\"https:\\\/\\\/krav-maga-street-defence-paderborn.de\\\/#\\\/schema\\\/person\\\/f931957c4fe39feb6ed615b097cbb6fe\"},\"potentialAction\":[{\"@type\":\"SearchAction\",\"target\":{\"@type\":\"EntryPoint\",\"urlTemplate\":\"https:\\\/\\\/krav-maga-street-defence-paderborn.de\\\/?s={search_term_string}\"},\"query-input\":{\"@type\":\"PropertyValueSpecification\",\"valueRequired\":true,\"valueName\":\"search_term_string\"}}],\"inLanguage\":\"de\"},{\"@type\":[\"Person\",\"Organization\"],\"@id\":\"https:\\\/\\\/krav-maga-street-defence-paderborn.de\\\/#\\\/schema\\\/person\\\/f931957c4fe39feb6ed615b097cbb6fe\",\"name\":\"admin\",\"image\":{\"@type\":\"ImageObject\",\"inLanguage\":\"de\",\"@id\":\"https:\\\/\\\/krav-maga-street-defence-paderborn.de\\\/wp-content\\\/uploads\\\/2022\\\/09\\\/cropped-Foto-01.08.22-11-58-40-e1662664911639.png\",\"url\":\"https:\\\/\\\/krav-maga-street-defence-paderborn.de\\\/wp-content\\\/uploads\\\/2022\\\/09\\\/cropped-Foto-01.08.22-11-58-40-e1662664911639.png\",\"contentUrl\":\"https:\\\/\\\/krav-maga-street-defence-paderborn.de\\\/wp-content\\\/uploads\\\/2022\\\/09\\\/cropped-Foto-01.08.22-11-58-40-e1662664911639.png\",\"width\":2731,\"height\":1163,\"caption\":\"admin\"},\"logo\":{\"@id\":\"https:\\\/\\\/krav-maga-street-defence-paderborn.de\\\/wp-content\\\/uploads\\\/2022\\\/09\\\/cropped-Foto-01.08.22-11-58-40-e1662664911639.png\"},\"sameAs\":[\"https:\\\/\\\/krav-maga.ralfs-fahrschule.com\",\"https:\\\/\\\/www.facebook.com\\\/profile.php?id=100088398933969\",\"https:\\\/\\\/www.instagram.com\\\/kravmagastreetdefencepaderborn\\\/\"]}]}<\/script>\n<!-- \/ Yoast SEO plugin. -->","yoast_head_json":{"title":"Kurszeiten - Krav Maga Street Defence Paderborn","description":"Unsere Kurszeiten f\u00fcr effektives Krav Maga Training in Paderborn. Informieren Sie sich jetzt \u00fcber unsere Kurse und lernen Sie Selbstverteidigungstechniken, die wirklich funktionieren.","robots":{"index":"index","follow":"follow","max-snippet":"max-snippet:-1","max-image-preview":"max-image-preview:large","max-video-preview":"max-video-preview:-1"},"canonical":"https:\/\/krav-maga-street-defence-paderborn.de\/index.php\/krav-maga-street-defence-paderborn-kurszeiten\/","og_locale":"de_DE","og_type":"article","og_title":"Kurszeiten - Krav Maga Street Defence Paderborn","og_description":"Unsere Kurszeiten f\u00fcr effektives Krav Maga Training in Paderborn. Informieren Sie sich jetzt \u00fcber unsere Kurse und lernen Sie Selbstverteidigungstechniken, die wirklich funktionieren.","og_url":"https:\/\/krav-maga-street-defence-paderborn.de\/index.php\/krav-maga-street-defence-paderborn-kurszeiten\/","og_site_name":"Krav Maga Street Defence Paderborn","article_publisher":"https:\/\/www.facebook.com\/profile.php?id=100088398933969","article_modified_time":"2025-12-07T15:00:24+00:00","og_image":[{"width":2731,"height":1163,"url":"https:\/\/krav-maga-street-defence-paderborn.de\/wp-content\/uploads\/2022\/09\/cropped-cropped-Foto-01.08.22-11-58-40-e1662664911639.png","type":"image\/png"}],"twitter_card":"summary_large_image","twitter_misc":{"Gesch\u00e4tzte Lesezeit":"1\u00a0Minute"},"schema":{"@context":"https:\/\/schema.org","@graph":[{"@type":"WebPage","@id":"https:\/\/krav-maga-street-defence-paderborn.de\/index.php\/krav-maga-street-defence-paderborn-kurszeiten\/","url":"https:\/\/krav-maga-street-defence-paderborn.de\/index.php\/krav-maga-street-defence-paderborn-kurszeiten\/","name":"Kurszeiten - Krav Maga Street Defence Paderborn","isPartOf":{"@id":"https:\/\/krav-maga-street-defence-paderborn.de\/#website"},"primaryImageOfPage":{"@id":"https:\/\/krav-maga-street-defence-paderborn.de\/index.php\/krav-maga-street-defence-paderborn-kurszeiten\/#primaryimage"},"image":{"@id":"https:\/\/krav-maga-street-defence-paderborn.de\/index.php\/krav-maga-street-defence-paderborn-kurszeiten\/#primaryimage"},"thumbnailUrl":"https:\/\/krav-maga-street-defence-paderborn.de\/wp-content\/uploads\/2022\/09\/cropped-cropped-Foto-01.08.22-11-58-40-e1662664911639-1024x436.png","datePublished":"2022-09-06T17:39:19+00:00","dateModified":"2025-12-07T15:00:24+00:00","description":"Unsere Kurszeiten f\u00fcr effektives Krav Maga Training in Paderborn. Informieren Sie sich jetzt \u00fcber unsere Kurse und lernen Sie Selbstverteidigungstechniken, die wirklich funktionieren.","breadcrumb":{"@id":"https:\/\/krav-maga-street-defence-paderborn.de\/index.php\/krav-maga-street-defence-paderborn-kurszeiten\/#breadcrumb"},"inLanguage":"de","potentialAction":[{"@type":"ReadAction","target":["https:\/\/krav-maga-street-defence-paderborn.de\/index.php\/krav-maga-street-defence-paderborn-kurszeiten\/"]}]},{"@type":"ImageObject","inLanguage":"de","@id":"https:\/\/krav-maga-street-defence-paderborn.de\/index.php\/krav-maga-street-defence-paderborn-kurszeiten\/#primaryimage","url":"https:\/\/krav-maga-street-defence-paderborn.de\/wp-content\/uploads\/2022\/09\/cropped-cropped-Foto-01.08.22-11-58-40-e1662664911639.png","contentUrl":"https:\/\/krav-maga-street-defence-paderborn.de\/wp-content\/uploads\/2022\/09\/cropped-cropped-Foto-01.08.22-11-58-40-e1662664911639.png","width":2731,"height":1163},{"@type":"BreadcrumbList","@id":"https:\/\/krav-maga-street-defence-paderborn.de\/index.php\/krav-maga-street-defence-paderborn-kurszeiten\/#breadcrumb","itemListElement":[{"@type":"ListItem","position":1,"name":"Home","item":"https:\/\/krav-maga-street-defence-paderborn.de\/"},{"@type":"ListItem","position":2,"name":"Kurszeiten"}]},{"@type":"WebSite","@id":"https:\/\/krav-maga-street-defence-paderborn.de\/#website","url":"https:\/\/krav-maga-street-defence-paderborn.de\/","name":"Krav Maga Street Defence Paderborn","description":"Selbstverteidigung mit Krav Maga in Paderborn","publisher":{"@id":"https:\/\/krav-maga-street-defence-paderborn.de\/#\/schema\/person\/f931957c4fe39feb6ed615b097cbb6fe"},"potentialAction":[{"@type":"SearchAction","target":{"@type":"EntryPoint","urlTemplate":"https:\/\/krav-maga-street-defence-paderborn.de\/?s={search_term_string}"},"query-input":{"@type":"PropertyValueSpecification","valueRequired":true,"valueName":"search_term_string"}}],"inLanguage":"de"},{"@type":["Person","Organization"],"@id":"https:\/\/krav-maga-street-defence-paderborn.de\/#\/schema\/person\/f931957c4fe39feb6ed615b097cbb6fe","name":"admin","image":{"@type":"ImageObject","inLanguage":"de","@id":"https:\/\/krav-maga-street-defence-paderborn.de\/wp-content\/uploads\/2022\/09\/cropped-Foto-01.08.22-11-58-40-e1662664911639.png","url":"https:\/\/krav-maga-street-defence-paderborn.de\/wp-content\/uploads\/2022\/09\/cropped-Foto-01.08.22-11-58-40-e1662664911639.png","contentUrl":"https:\/\/krav-maga-street-defence-paderborn.de\/wp-content\/uploads\/2022\/09\/cropped-Foto-01.08.22-11-58-40-e1662664911639.png","width":2731,"height":1163,"caption":"admin"},"logo":{"@id":"https:\/\/krav-maga-street-defence-paderborn.de\/wp-content\/uploads\/2022\/09\/cropped-Foto-01.08.22-11-58-40-e1662664911639.png"},"sameAs":["https:\/\/krav-maga.ralfs-fahrschule.com","https:\/\/www.facebook.com\/profile.php?id=100088398933969","https:\/\/www.instagram.com\/kravmagastreetdefencepaderborn\/"]}]}},"_links":{"self":[{"href":"https:\/\/krav-maga-street-defence-paderborn.de\/index.php\/wp-json\/wp\/v2\/pages\/2","targetHints":{"allow":["GET"]}}],"collection":[{"href":"https:\/\/krav-maga-street-defence-paderborn.de\/index.php\/wp-json\/wp\/v2\/pages"}],"about":[{"href":"https:\/\/krav-maga-street-defence-paderborn.de\/index.php\/wp-json\/wp\/v2\/types\/page"}],"author":[{"embeddable":true,"href":"https:\/\/krav-maga-street-defence-paderborn.de\/index.php\/wp-json\/wp\/v2\/users\/1"}],"replies":[{"embeddable":true,"href":"https:\/\/krav-maga-street-defence-paderborn.de\/index.php\/wp-json\/wp\/v2\/comments?post=2"}],"version-history":[{"count":22,"href":"https:\/\/krav-maga-street-defence-paderborn.de\/index.php\/wp-json\/wp\/v2\/pages\/2\/revisions"}],"predecessor-version":[{"id":478,"href":"https:\/\/krav-maga-street-defence-paderborn.de\/index.php\/wp-json\/wp\/v2\/pages\/2\/revisions\/478"}],"wp:attachment":[{"href":"https:\/\/krav-maga-street-defence-paderborn.de\/index.php\/wp-json\/wp\/v2\/media?parent=2"}],"curies":[{"name":"wp","href":"https:\/\/api.w.org\/{rel}","templated":true}]}}