{"id":256,"date":"2022-10-29T20:02:12","date_gmt":"2022-10-29T18:02:12","guid":{"rendered":"https:\/\/krav-maga-street-defence-paderborn.de\/?page_id=256"},"modified":"2024-01-30T12:28:52","modified_gmt":"2024-01-30T11:28:52","slug":"krav-maga-street-defence-paderborn-haeufig-gestellte-fragen-2","status":"publish","type":"page","link":"https:\/\/krav-maga-street-defence-paderborn.de\/index.php\/krav-maga-street-defence-paderborn-haeufig-gestellte-fragen-2\/","title":{"rendered":"H\u00e4ufig gestellte Fragen"},"content":{"rendered":"\n<h2 class=\"wp-block-heading has-small-font-size\"><strong>Eignet sich Krav Maga zum Abnehmen?<\/strong><\/h2>\n\n\n\n<p class=\"has-extra-small-font-size\">JA, allerdings ist das Abnehmen nur ein willkommener Nebeneffekt.<\/p>\n\n\n\n<p class=\"has-extra-small-font-size\">Haupts\u00e4chlich lernt man sich zu wehren bzw. selbst zu verteidigen.<\/p>\n\n\n\n<h2 class=\"wp-block-heading has-small-font-size\"><strong>Bin ich fit genug um Krav Maga zu Trainieren?<\/strong><\/h2>\n\n\n\n<p class=\"has-extra-small-font-size\">JA. Fitness, Kraft und Ausdauer wird im Training erh\u00f6ht und gef\u00f6rdert.<\/p>\n\n\n\n<h2 class=\"wp-block-heading has-small-font-size\"><strong>Wann ist der beste Zeitpunkt um Krav Maga zu erlernen?<\/strong><\/h2>\n\n\n\n<p class=\"has-extra-small-font-size\">Genau JETZT.<\/p>\n\n\n\n<h2 class=\"wp-block-heading has-small-font-size\"><strong>Was muss ich zum Training mitbringen?<\/strong><\/h2>\n\n\n\n<p class=\"has-extra-small-font-size\">Das WICHTIGSTE: Spa\u00df und Lust aufs Training.<\/p>\n\n\n\n<p class=\"has-extra-small-font-size\">Dazu bitte ein Handtuch, Sportbekleidung und ausreichend zu Trinken.<\/p>\n\n\n\n<p class=\"has-extra-small-font-size\">Alles andere wird im Training erl\u00e4utert und empfohlen.<\/p>\n\n\n\n<p class=\"has-text-align-center\"><\/p>\n","protected":false},"excerpt":{"rendered":"<p>Eignet sich Krav Maga zum Abnehmen? JA, allerdings ist das Abnehmen nur ein willkommener Nebeneffekt. Haupts\u00e4chlich lernt man sich zu wehren bzw. selbst zu verteidigen. Bin ich fit genug um Krav Maga zu Trainieren? JA. Fitness, Kraft und Ausdauer wird im Training erh\u00f6ht und gef\u00f6rdert. Wann ist der beste Zeitpunkt um Krav Maga zu erlernen?&hellip; <a class=\"more-link\" href=\"https:\/\/krav-maga-street-defence-paderborn.de\/index.php\/krav-maga-street-defence-paderborn-haeufig-gestellte-fragen-2\/\"><span class=\"screen-reader-text\">H\u00e4ufig gestellte Fragen<\/span> weiterlesen<\/a><\/p>\n","protected":false},"author":1,"featured_media":0,"parent":0,"menu_order":0,"comment_status":"closed","ping_status":"closed","template":"","meta":{"footnotes":""},"class_list":["post-256","page","type-page","status-publish","hentry","entry"],"yoast_head":"<!-- This site is optimized with the Yoast SEO plugin v27.5 - https:\/\/yoast.com\/product\/yoast-seo-wordpress\/ -->\n<title>H\u00e4ufig gestellte Fragen - Krav Maga Street Defence Paderborn<\/title>\n<meta name=\"description\" content=\"Erfahren Sie mehr \u00fcber Krav Maga Street Defence in Paderborn. Hier finden Sie Antworten auf h\u00e4ufig gestellte Fragen zu unserem effektiven Selbstverteidigungskurs. Jetzt informieren!\" \/>\n<meta name=\"robots\" content=\"index, follow, max-snippet:-1, max-image-preview:large, max-video-preview:-1\" \/>\n<link rel=\"canonical\" href=\"https:\/\/krav-maga-street-defence-paderborn.de\/index.php\/krav-maga-street-defence-paderborn-haeufig-gestellte-fragen-2\/\" \/>\n<meta property=\"og:locale\" content=\"de_DE\" \/>\n<meta property=\"og:type\" content=\"article\" \/>\n<meta property=\"og:title\" content=\"H\u00e4ufig gestellte Fragen - Krav Maga Street Defence Paderborn\" \/>\n<meta property=\"og:description\" content=\"Erfahren Sie mehr \u00fcber Krav Maga Street Defence in Paderborn. Hier finden Sie Antworten auf h\u00e4ufig gestellte Fragen zu unserem effektiven Selbstverteidigungskurs. Jetzt informieren!\" \/>\n<meta property=\"og:url\" content=\"https:\/\/krav-maga-street-defence-paderborn.de\/index.php\/krav-maga-street-defence-paderborn-haeufig-gestellte-fragen-2\/\" \/>\n<meta property=\"og:site_name\" content=\"Krav Maga Street Defence Paderborn\" \/>\n<meta property=\"article:publisher\" content=\"https:\/\/www.facebook.com\/profile.php?id=100088398933969\" \/>\n<meta property=\"article:modified_time\" content=\"2024-01-30T11:28:52+00:00\" \/>\n<meta name=\"twitter:card\" content=\"summary_large_image\" \/>\n<meta name=\"twitter:label1\" content=\"Gesch\u00e4tzte Lesezeit\" \/>\n\t<meta name=\"twitter:data1\" content=\"1\u00a0Minute\" \/>\n<script type=\"application\/ld+json\" class=\"yoast-schema-graph\">{\"@context\":\"https:\\\/\\\/schema.org\",\"@graph\":[{\"@type\":\"WebPage\",\"@id\":\"https:\\\/\\\/krav-maga-street-defence-paderborn.de\\\/index.php\\\/krav-maga-street-defence-paderborn-haeufig-gestellte-fragen-2\\\/\",\"url\":\"https:\\\/\\\/krav-maga-street-defence-paderborn.de\\\/index.php\\\/krav-maga-street-defence-paderborn-haeufig-gestellte-fragen-2\\\/\",\"name\":\"H\u00e4ufig gestellte Fragen - Krav Maga Street Defence Paderborn\",\"isPartOf\":{\"@id\":\"https:\\\/\\\/krav-maga-street-defence-paderborn.de\\\/#website\"},\"datePublished\":\"2022-10-29T18:02:12+00:00\",\"dateModified\":\"2024-01-30T11:28:52+00:00\",\"description\":\"Erfahren Sie mehr \u00fcber Krav Maga Street Defence in Paderborn. Hier finden Sie Antworten auf h\u00e4ufig gestellte Fragen zu unserem effektiven Selbstverteidigungskurs. Jetzt informieren!\",\"breadcrumb\":{\"@id\":\"https:\\\/\\\/krav-maga-street-defence-paderborn.de\\\/index.php\\\/krav-maga-street-defence-paderborn-haeufig-gestellte-fragen-2\\\/#breadcrumb\"},\"inLanguage\":\"de\",\"potentialAction\":[{\"@type\":\"ReadAction\",\"target\":[\"https:\\\/\\\/krav-maga-street-defence-paderborn.de\\\/index.php\\\/krav-maga-street-defence-paderborn-haeufig-gestellte-fragen-2\\\/\"]}]},{\"@type\":\"BreadcrumbList\",\"@id\":\"https:\\\/\\\/krav-maga-street-defence-paderborn.de\\\/index.php\\\/krav-maga-street-defence-paderborn-haeufig-gestellte-fragen-2\\\/#breadcrumb\",\"itemListElement\":[{\"@type\":\"ListItem\",\"position\":1,\"name\":\"Home\",\"item\":\"https:\\\/\\\/krav-maga-street-defence-paderborn.de\\\/\"},{\"@type\":\"ListItem\",\"position\":2,\"name\":\"H\u00e4ufig gestellte Fragen\"}]},{\"@type\":\"WebSite\",\"@id\":\"https:\\\/\\\/krav-maga-street-defence-paderborn.de\\\/#website\",\"url\":\"https:\\\/\\\/krav-maga-street-defence-paderborn.de\\\/\",\"name\":\"Krav Maga Street Defence Paderborn\",\"description\":\"Selbstverteidigung mit Krav Maga in Paderborn\",\"publisher\":{\"@id\":\"https:\\\/\\\/krav-maga-street-defence-paderborn.de\\\/#\\\/schema\\\/person\\\/f931957c4fe39feb6ed615b097cbb6fe\"},\"potentialAction\":[{\"@type\":\"SearchAction\",\"target\":{\"@type\":\"EntryPoint\",\"urlTemplate\":\"https:\\\/\\\/krav-maga-street-defence-paderborn.de\\\/?s={search_term_string}\"},\"query-input\":{\"@type\":\"PropertyValueSpecification\",\"valueRequired\":true,\"valueName\":\"search_term_string\"}}],\"inLanguage\":\"de\"},{\"@type\":[\"Person\",\"Organization\"],\"@id\":\"https:\\\/\\\/krav-maga-street-defence-paderborn.de\\\/#\\\/schema\\\/person\\\/f931957c4fe39feb6ed615b097cbb6fe\",\"name\":\"admin\",\"image\":{\"@type\":\"ImageObject\",\"inLanguage\":\"de\",\"@id\":\"https:\\\/\\\/krav-maga-street-defence-paderborn.de\\\/wp-content\\\/uploads\\\/2022\\\/09\\\/cropped-Foto-01.08.22-11-58-40-e1662664911639.png\",\"url\":\"https:\\\/\\\/krav-maga-street-defence-paderborn.de\\\/wp-content\\\/uploads\\\/2022\\\/09\\\/cropped-Foto-01.08.22-11-58-40-e1662664911639.png\",\"contentUrl\":\"https:\\\/\\\/krav-maga-street-defence-paderborn.de\\\/wp-content\\\/uploads\\\/2022\\\/09\\\/cropped-Foto-01.08.22-11-58-40-e1662664911639.png\",\"width\":2731,\"height\":1163,\"caption\":\"admin\"},\"logo\":{\"@id\":\"https:\\\/\\\/krav-maga-street-defence-paderborn.de\\\/wp-content\\\/uploads\\\/2022\\\/09\\\/cropped-Foto-01.08.22-11-58-40-e1662664911639.png\"},\"sameAs\":[\"https:\\\/\\\/krav-maga.ralfs-fahrschule.com\",\"https:\\\/\\\/www.facebook.com\\\/profile.php?id=100088398933969\",\"https:\\\/\\\/www.instagram.com\\\/kravmagastreetdefencepaderborn\\\/\"]}]}<\/script>\n<!-- \/ Yoast SEO plugin. -->","yoast_head_json":{"title":"H\u00e4ufig gestellte Fragen - Krav Maga Street Defence Paderborn","description":"Erfahren Sie mehr \u00fcber Krav Maga Street Defence in Paderborn. Hier finden Sie Antworten auf h\u00e4ufig gestellte Fragen zu unserem effektiven Selbstverteidigungskurs. Jetzt informieren!","robots":{"index":"index","follow":"follow","max-snippet":"max-snippet:-1","max-image-preview":"max-image-preview:large","max-video-preview":"max-video-preview:-1"},"canonical":"https:\/\/krav-maga-street-defence-paderborn.de\/index.php\/krav-maga-street-defence-paderborn-haeufig-gestellte-fragen-2\/","og_locale":"de_DE","og_type":"article","og_title":"H\u00e4ufig gestellte Fragen - Krav Maga Street Defence Paderborn","og_description":"Erfahren Sie mehr \u00fcber Krav Maga Street Defence in Paderborn. Hier finden Sie Antworten auf h\u00e4ufig gestellte Fragen zu unserem effektiven Selbstverteidigungskurs. Jetzt informieren!","og_url":"https:\/\/krav-maga-street-defence-paderborn.de\/index.php\/krav-maga-street-defence-paderborn-haeufig-gestellte-fragen-2\/","og_site_name":"Krav Maga Street Defence Paderborn","article_publisher":"https:\/\/www.facebook.com\/profile.php?id=100088398933969","article_modified_time":"2024-01-30T11:28:52+00:00","twitter_card":"summary_large_image","twitter_misc":{"Gesch\u00e4tzte Lesezeit":"1\u00a0Minute"},"schema":{"@context":"https:\/\/schema.org","@graph":[{"@type":"WebPage","@id":"https:\/\/krav-maga-street-defence-paderborn.de\/index.php\/krav-maga-street-defence-paderborn-haeufig-gestellte-fragen-2\/","url":"https:\/\/krav-maga-street-defence-paderborn.de\/index.php\/krav-maga-street-defence-paderborn-haeufig-gestellte-fragen-2\/","name":"H\u00e4ufig gestellte Fragen - Krav Maga Street Defence Paderborn","isPartOf":{"@id":"https:\/\/krav-maga-street-defence-paderborn.de\/#website"},"datePublished":"2022-10-29T18:02:12+00:00","dateModified":"2024-01-30T11:28:52+00:00","description":"Erfahren Sie mehr \u00fcber Krav Maga Street Defence in Paderborn. Hier finden Sie Antworten auf h\u00e4ufig gestellte Fragen zu unserem effektiven Selbstverteidigungskurs. Jetzt informieren!","breadcrumb":{"@id":"https:\/\/krav-maga-street-defence-paderborn.de\/index.php\/krav-maga-street-defence-paderborn-haeufig-gestellte-fragen-2\/#breadcrumb"},"inLanguage":"de","potentialAction":[{"@type":"ReadAction","target":["https:\/\/krav-maga-street-defence-paderborn.de\/index.php\/krav-maga-street-defence-paderborn-haeufig-gestellte-fragen-2\/"]}]},{"@type":"BreadcrumbList","@id":"https:\/\/krav-maga-street-defence-paderborn.de\/index.php\/krav-maga-street-defence-paderborn-haeufig-gestellte-fragen-2\/#breadcrumb","itemListElement":[{"@type":"ListItem","position":1,"name":"Home","item":"https:\/\/krav-maga-street-defence-paderborn.de\/"},{"@type":"ListItem","position":2,"name":"H\u00e4ufig gestellte Fragen"}]},{"@type":"WebSite","@id":"https:\/\/krav-maga-street-defence-paderborn.de\/#website","url":"https:\/\/krav-maga-street-defence-paderborn.de\/","name":"Krav Maga Street Defence Paderborn","description":"Selbstverteidigung mit Krav Maga in Paderborn","publisher":{"@id":"https:\/\/krav-maga-street-defence-paderborn.de\/#\/schema\/person\/f931957c4fe39feb6ed615b097cbb6fe"},"potentialAction":[{"@type":"SearchAction","target":{"@type":"EntryPoint","urlTemplate":"https:\/\/krav-maga-street-defence-paderborn.de\/?s={search_term_string}"},"query-input":{"@type":"PropertyValueSpecification","valueRequired":true,"valueName":"search_term_string"}}],"inLanguage":"de"},{"@type":["Person","Organization"],"@id":"https:\/\/krav-maga-street-defence-paderborn.de\/#\/schema\/person\/f931957c4fe39feb6ed615b097cbb6fe","name":"admin","image":{"@type":"ImageObject","inLanguage":"de","@id":"https:\/\/krav-maga-street-defence-paderborn.de\/wp-content\/uploads\/2022\/09\/cropped-Foto-01.08.22-11-58-40-e1662664911639.png","url":"https:\/\/krav-maga-street-defence-paderborn.de\/wp-content\/uploads\/2022\/09\/cropped-Foto-01.08.22-11-58-40-e1662664911639.png","contentUrl":"https:\/\/krav-maga-street-defence-paderborn.de\/wp-content\/uploads\/2022\/09\/cropped-Foto-01.08.22-11-58-40-e1662664911639.png","width":2731,"height":1163,"caption":"admin"},"logo":{"@id":"https:\/\/krav-maga-street-defence-paderborn.de\/wp-content\/uploads\/2022\/09\/cropped-Foto-01.08.22-11-58-40-e1662664911639.png"},"sameAs":["https:\/\/krav-maga.ralfs-fahrschule.com","https:\/\/www.facebook.com\/profile.php?id=100088398933969","https:\/\/www.instagram.com\/kravmagastreetdefencepaderborn\/"]}]}},"_links":{"self":[{"href":"https:\/\/krav-maga-street-defence-paderborn.de\/index.php\/wp-json\/wp\/v2\/pages\/256","targetHints":{"allow":["GET"]}}],"collection":[{"href":"https:\/\/krav-maga-street-defence-paderborn.de\/index.php\/wp-json\/wp\/v2\/pages"}],"about":[{"href":"https:\/\/krav-maga-street-defence-paderborn.de\/index.php\/wp-json\/wp\/v2\/types\/page"}],"author":[{"embeddable":true,"href":"https:\/\/krav-maga-street-defence-paderborn.de\/index.php\/wp-json\/wp\/v2\/users\/1"}],"replies":[{"embeddable":true,"href":"https:\/\/krav-maga-street-defence-paderborn.de\/index.php\/wp-json\/wp\/v2\/comments?post=256"}],"version-history":[{"count":24,"href":"https:\/\/krav-maga-street-defence-paderborn.de\/index.php\/wp-json\/wp\/v2\/pages\/256\/revisions"}],"predecessor-version":[{"id":402,"href":"https:\/\/krav-maga-street-defence-paderborn.de\/index.php\/wp-json\/wp\/v2\/pages\/256\/revisions\/402"}],"wp:attachment":[{"href":"https:\/\/krav-maga-street-defence-paderborn.de\/index.php\/wp-json\/wp\/v2\/media?parent=256"}],"curies":[{"name":"wp","href":"https:\/\/api.w.org\/{rel}","templated":true}]}}